03
In base 16, what is 6c120 + 80?
6c1a0
In base 12, what is -70 - -26909b?
26902b
In base 10, what is -23945 + 1055?
-22890
In base 13, what is -1c22 - -299?
-1956
In base 6, what is 2524445 - 153?
2524252
In base 2, what is 10001000010 - 1111110110010?
-1101101110000
In base 10, what is 57 + -3813972?
-3813915
In base 4, what is -11 + -11112012321?
-11112012332
In base 7, what is -14411025413 + -2?
-14411025415
In base 14, what is 4d7 - a70?
-577
In base 5, what is 4 - -11214424334?
11214424343
In base 10, what is 0 - -3500564?
3500564
In base 16, what is a - -6a5ce8?
6a5cf2
In base 12, what is -6790 + 230?
-6560
In base 2, what is 0 - -101010010111111001100110?
101010010111111001100110
In base 13, what is -1c59093 - 4?
-1c59097
In base 9, what is 6 + -15561516?
-15561510
In base 6, what is 0 + -333540354?
-333540354
In base 15, what is 22427 + e0c?
23334
In base 13, what is -7405 - -501?
-6c04
In base 13, what is 600 + -8c916?
-8c316
In base 6, what is -5 - -3045125352?
3045125343
In base 16, what is -13e5cd + 3?
-13e5ca
In base 10, what is 35 + 1704373?
1704408
In base 6, what is 12124 + -12212?
-44
In base 13, what is -6155828 + 2?
-6155826
In base 8, what is 10145 + 207713?
220060
In base 5, what is 0 + -2033311120?
-2033311120
In base 16, what is 1c96 + -297?
19ff
In base 11, what is 5 - 22a9a595?
-22a9a590
In base 13, what is 5 + -5b615a5?
-5b615a0
In base 10, what is 5942498 - -23?
5942521
In base 2, what is 1101110111100 + -1001101011110?
100001011110
In base 11, what is 11840117 - -3?
1184011a
In base 4, what is 10 - -22120210022310?
22120210022320
In base 11, what is -2142a562 - -2?
-2142a560
In base 2, what is 1110111100011010000111 - 10?
1110111100011010000101
In base 11, what is 7760 + 187?
7937
In base 6, what is 44424 - 112132?
-23304
In base 3, what is -1200 - 1212122112120?
-1212122121020
In base 14, what is 16 + -38b55?
-38b3d
In base 5, what is -2123 - 30441042?
-30443220
In base 2, what is 110001111101 + 1000011011100001001?
1000100001110000110
In base 14, what is 568984c2 - 4?
568984bc
In base 2, what is 10110110011 + 101100000100011?
101110111010110
In base 4, what is -1000120030122 + -20?
-1000120030202
In base 6, what is 4001003 - -551?
4001554
In base 15, what is 7c486 + -7?
7c47e
In base 4, what is 3321 - 20333233?
-20323312
In base 12, what is 14 - -33107?
3311b
In base 11, what is 14 - -41260a?
412623
In base 16, what is -1d9fd + 42d?
-1d5d0
In base 2, what is 11101100101001011 + 1010111?
11101100110100010
In base 9, what is -3604 + 166655?
163051
In base 7, what is -11135502 - 1400?
-11140202
In base 7, what is 10442151 - 2?
10442146
In base 3, what is 11021021 + -12201022011?
-12120000220
In base 8, what is -3442001023 - 2?
-3442001025
In base 5, what is 11121343 + -1330?
11120013
In base 9, what is -73 - 227342?
-227425
In base 9, what is 16158 - 1010?
15148
In base 13, what is 9714 + -620?
90c4
In base 9, what is 18458 - 22628?
-3160
In base 8, what is 4403 - -64323?
70726
In base 13, what is 64c5 - -622a?
c722
In base 11, what is 3 - -156a8140?
156a8143
In base 14, what is 160 + -36cb7?
-36b57
In base 13, what is -1936 + -1c85?
-38bb
In base 11, what is -15930937 + -5?
-15930941
In base 7, what is 110424 - -232304?
343031
In base 4, what is 121 + -13210112031?
-13210111310
In base 9, what is 7084281 - 55?
7084225
In base 11, what is -76302 - 640?
-76942
In base 12, what is 2 - -553680?
553682
In base 9, what is 227708 - -67?
227776
In base 2, what is 11100111101110110101100110 - -101?
11100111101110110101101011
In base 6, what is -3220241 - -105?
-3220132
In base 6, what is -53 + 1255020410?
1255020313
In base 3, what is 10020012122200021 + -11?
10020012122200010
In base 2, what is 1100 - -110111000000010101100?
110111000000010111000
In base 10, what is 191352479 - 5?
191352474
In base 15, what is c201b - 2?
c2019
In base 7, what is -6353305 - 531?
-6354136
In base 7, what is 21 + -12623642?
-12623621
In base 2, what is -11000010011101011 - -100101010?
-11000001111000001
In base 3, what is 1221220122111001 - 2?
1221220122110222
In base 7, what is 1 - -12105050?
12105051
In base 6, what is 32 + 5301224?
5301300
In base 3, what is -1000121112112 + -1010112?
-1000122200001
In base 12, what is 1 + -113a9b52?
-113a9b51
In base 8, what is -5 + -222350311?
-222350316
In base 9, what is 822 + 28602?
30524
In base 13, what is -34 + 1cc16?
1cbb2
In base 9, what is -30 - -6346?
6316
In base 4, what is -10 + 1233233223?
1233233213
In base 2, what is -10 - 1111100011010000010110011?
-1111100011010000010110101
In base 11, what is 57310 + -a5?
57216
In base 8, what is -6443434 - 0?
-6443434
In base 16, what is -2 - ee475b?
-ee475d
In base 11, what is -770031 - 588?
-770609
In base 12, what is 1042211 - -5?
1042216
In base 7, what is 16 - 5544215?
-5544166
In base 16, what is -8e1 + -ed8?
-17b9
In base 11, what is 5 + 249262?
249267
In base 7, what is -2 - -2450143?
2450141
In base 11, what is -9 + 1939546?
1939538
In base 12, what is 84b05a61 - 6?
84b05a57
In base 12, what is 604704 + -36?
60468a
In base 12, what is b0 + -591aa5?
-5919b5
In base 3, what is -1010 - 112222202102?
-112222210112
In base 15, what is -39 + 403a0e?
4039c5
In base 10, what is 4504646 + -3?
4504643
In base 3, what is -1111112012010111 + 12?
-1111112012010022
In base 15, what is 5816c1 - 5?
5816bb
In base 11, what is 35 + -311944?
-31190a
In base 12, what is -193 - 1459a?
-14771
In base 7, what is 1031344350 + 2?
1031344352
In base 5, what is -114 + -14242103?
-14242222
In base 12, what is -50810 + -2070?
-52880
In base 12, what is 10485b1 - -5?
10485b6
In base 8, what is 112 + 5710456?
5710570
In base 2, what is -111 + 10110001011010001100?
10110001011010000101
In base 16, what is 1166dc - 0?
1166dc
In base 13, what is 79b9 - 75c?
725a
In base 4, what is -3 - 3123013231?
-3123013300
In base 7, what is 514463 - -151?
514644
In base 5, what is 11230433 - 202?
11230231
In base 13, what is 92a - 2130b?
-206b1
In base 15, what is -d3687 - 3c?
-d36c4
In base 8, what is -3 + -20560435?
-20560440
In base 8, what is 4 - -506460305?
506460311
In base 12, what is -539b519 + -5?
-539b522
In base 10, what is -894 + -1724?
-2618
In base 10, what is 1 + -4116970?
-4116969
In base 4, what is -22230033 - 21322?
-22312021
In base 3, what is 12 - 201201010021121?
-201201010021102
In base 6, what is 114 + -3443041?
-3442523
In base 12, what is -57a77 + -42?
-57ab9
In base 6, what is -25215212 + -11?
-25215223
In base 6, what is 0 + -325214350?
-325214350
In base 9, what is -3060 + -154757?
-157827
In base 14, what is -5b3bd6 - 2?
-5b3bd8
In base 5, what is -100111303 - 142?
-100112000
In base 13, what is 14b32 + 10a?
14c3c
In base 9, what is -5 - 4164324?
-4164330
In base 2, what is -100 - -100111101100010100001?
100111101100010011101
In base 6, what is 3013 + 145341?
152354
In base 16, what is 3c7 - -43924?
43ceb
In base 7, what is 31255 - -14514?
46102
In base 14, what is 0 - 10b7409?
-10b7409
In base 15, what is 1 + 13676104?
13676105
In base 13, what is 228 - 5c4b?
-5a23
In base 15, what is -618b1 - 105?
-619b6
In base 13, what is -37 + -18a013?
-18a04a
In base 8, what is -760407 - -53?
-760334
In base 2, what is -1001001010001000110111 - -110?
-1001001010001000110001
In base 13, what is -18 + 35b730?
35b715
In base 5, what is -10301304 - -1230?
-10300024
In base 16, what is -10d + -5abd?
-5bca
In base 13, what is 35 + 23b84a0?
23b8505
In base 6, what is -4430051215 + -2?
-4430051221
In base 11, what is -24a5 - 475?
-296a
In base 11, what is -2937769 + -3?
-2937771
In base 4, what is 313200100311 + -12?
313200100233
In base 9, what is -363 - 65804?
-66267
In base 16, what is -383 - 139f1?
-13d74
In base 2, what is -110001100111110 - -11001101?
-110001001110001
In base 9, what is 48722 + 210?
50032
In base 4, what is -12200 - 2102203323?
-2102222123
In base 8, what is 264 - -230444?
230730
In base 15, what is -146906 - -25?
-1468d1
In base 6, what is 124 - 4415132?
-4415004
In base 4, what is -1300 - 13332102?
-20000002
In base 12, what is -a938 + 27?
-a911
In base 16, what is -4 - -27e62cf?
27e62cb
In base 8, what is -2650071 + -21?
-2650112
In base 8, what is 312105 - 53?
312032
In base 13, what is -195 + 503a7?
50212
In base 9, what is -4306262 - 0?
-4306262